{"id":4513,"date":"2012-08-05T17:32:46","date_gmt":"2012-08-05T17:32:46","guid":{"rendered":"http:\/\/192.168.1.102\/hovercat\/?page_id=38"},"modified":"2019-04-02T17:37:48","modified_gmt":"2019-04-02T17:37:48","slug":"features","status":"publish","type":"page","link":"https:\/\/www.acertar.org.br\/acertar\/features\/","title":{"rendered":"Produtos"},"content":{"rendered":"<div class=\"vc_row wpb_row vc_row-fluid   vc_custom_1426009618469\" ><div class=\"container\"><div class=\"row\">\n\t<div class=\"vc_col-sm-12 wpb_column vc_column_container\">\n\t\t<div class=\"wpb_wrapper\">\n\t\t\t<div class=\"vc_empty_space\"  style=\"height: 15px\" ><span class=\"vc_empty_space_inner\"><\/span><\/div>\n\n\n\t\t<\/div> \n\t<\/div> \n\n\t<div class=\"vc_col-sm-12 wpb_column vc_column_container\">\n\t\t<div class=\"wpb_wrapper\">\n\t\t\t\n\t<div class=\"wpb_text_column wpb_content_element \">\n\t\t<div class=\"wpb_wrapper\">\n\t\t\t<p><a href=\"#\">Veda\u00e7\u00e3o Horizontal<\/a>\u00a0 \u00a0 \u00a0\u00a0<a href=\"#vertical\">Veda\u00e7\u00e3o Vertical<\/a>\u00a0 \u00a0 \u00a0\u00a0<a href=\"#estrutural\">Blocos Estruturais<\/a>\u00a0 \u00a0 \u00a0 \u00a0<a href=\"#lajes\">Lajes<\/a>\u00a0 \u00a0 \u00a0\u00a0<a href=\"#telhas\">Telhas<\/a><\/p>\n\n\t\t<\/div> \n\t<\/div> \n\t\t<\/div> \n\t<\/div> \n<\/div><\/div><\/div><div class=\"vc_row wpb_row vc_row-fluid vertically-align-columns  vc_custom_1426012109608\" id=\"composer\"><div class=\"container\"><div class=\"row\">\n\t<div class=\"vc_col-sm-6 wpb_column vc_column_container\">\n\t\t<div class=\"wpb_wrapper\">\n\t\t\t\n\t<div class=\"wpb_text_column wpb_content_element \">\n\t\t<div class=\"wpb_wrapper\">\n\t\t\t<p><code style=\"display: none;\"><br \/>\n<\/code><a id=\"horizontal\" name=\"Blocos de Veda\u00e7\u00e3o - Furo Horizontal\"><\/a><\/p>\n<h1>Blocos de Veda\u00e7\u00e3o &#8211; Furo Horizontal<\/h1>\n<p>Alvenaria Veda\u00e7\u00e3o Furo Horizontal, \u00e9 toda a alvenaria destinada apenas para o fechamento de v\u00e3os entre vigas e pilares, sem nenhuma fun\u00e7\u00e3o estrutural.<\/p>\n<p>Resist\u00eancia \u00e0 Compress\u00e3o:<br \/>\nFuro Horizontal: \u2265 1,5 MPa<br \/>\nAbsor\u00e7\u00e3o de \u00c1gua:\u2265 8% \u2264 25%<\/p>\n<p>&nbsp;<\/p>\n<p>Espessuras:<br \/>\nParedes externas: 7 mm<br \/>\nSeptos (paredes internas): 6 mm<\/p>\n\n\t\t<\/div> \n\t<\/div> \n\t<div class=\"wpb_text_column wpb_content_element \">\n\t\t<div class=\"wpb_wrapper\">\n\t\t\t<p><a class=\"medium shortcode button\"  href=\"https:\/\/www.acertar.org.br\/acertar\/associados_acertar\/\"  target=\"_self\" >Encontre um fornecedor<\/a><\/p>\n\n\t\t<\/div> \n\t<\/div> \n\t\t<\/div> \n\t<\/div> \n\n\t<div class=\"vc_col-sm-6 wpb_column vc_column_container\">\n\t\t<div class=\"wpb_wrapper\">\n\t\t\t\n\t<div class=\"wpb_single_image wpb_content_element wpb_animate_when_almost_visible wpb_left-to-right vc_align_center\">\n\t\t<div class=\"wpb_wrapper\">\n\t\t\t\n\t\t\t<img loading=\"lazy\" decoding=\"async\" width=\"774\" height=\"270\" src=\"https:\/\/www.acertar.org.br\/wp-content\/uploads\/2012\/08\/horizontal_produtos.jpg\" class=\"vc_box_shadow vc_box_border_grey attachment-full\" alt=\"\" srcset=\"https:\/\/www.acertar.org.br\/wp-content\/uploads\/2012\/08\/horizontal_produtos.jpg 774w, https:\/\/www.acertar.org.br\/wp-content\/uploads\/2012\/08\/horizontal_produtos-300x105.jpg 300w, https:\/\/www.acertar.org.br\/wp-content\/uploads\/2012\/08\/horizontal_produtos-143x50.jpg 143w\" sizes=\"(max-width: 774px) 100vw, 774px\" \/>\n\t\t<\/div> \n\t<\/div> \n\t<div class=\"wpb_text_column wpb_content_element \">\n\t\t<div class=\"wpb_wrapper\">\n\t\t\t<p>O bloco cer\u00e2mico deve trazer a identifica\u00e7\u00e3o do fabricante em baixo relevo com no m\u00ednimo 5mm de altura \u2013 nessa inscri\u00e7\u00e3o deve conter a identifica\u00e7\u00e3o da empresa, dimens\u00f5es de fabrica\u00e7\u00e3o em cm, obrigatoriamente na seguinte seq\u00fc\u00eancia: largura (L), altura (H) e comprimento (C), conforme Norma ABNT \u2013 NBR 15270-1:2017.<\/p>\n\n\t\t<\/div> \n\t<\/div> \n\t\t<\/div> \n\t<\/div> \n<\/div><\/div><\/div><div class=\"vc_row wpb_row vc_row-fluid vertically-align-columns  vc_custom_1426012146096\" id=\"composer\"><div class=\"container\"><div class=\"row\">\n\t<div class=\"vc_col-sm-6 wpb_column vc_column_container\">\n\t\t<div class=\"wpb_wrapper\">\n\t\t\t\n\t<div class=\"wpb_text_column wpb_content_element \">\n\t\t<div class=\"wpb_wrapper\">\n\t\t\t<p><code style=\"display: none;\"><br \/>\n<\/code><br \/>\n<a id=\"vertical\" name=\"vertical\"><\/a><\/p>\n<h1>Blocos de Veda\u00e7\u00e3o &#8211; Furo Vertical<\/h1>\n<p style=\"margin: 0cm 0cm 7.5pt 0cm;\"><span style=\"font-size: 10.5pt; font-family: 'Arial',sans-serif; color: #565656;\">Alvenaria Veda\u00e7\u00e3o Furo Vertical \u2013 \u00e9 tamb\u00e9m conhecida como \u00a0Alvenaria Racionalizada. Compreende um conjunto de blocos em sistema modular que permite o projeto racionalizado das paredes. Os m\u00f3dulos s\u00e3o m\u00faltiplos de 15cm ou 20cm. O\u00a0projeto de el\u00e9trica e hidr\u00e1ulica \u00e9 concebido em conjunto com o projeto de pagina\u00e7\u00e3o da alvenaria, reduzindo desperd\u00edcios e os custos da obra.<\/span><\/p>\n<p style=\"margin: 0cm; margin-bottom: .0001pt;\"><span style=\"font-size: 10.5pt; font-family: 'Arial',sans-serif; color: #565656;\">Resist\u00eancia \u00e0 Compress\u00e3o:<br \/>\nFuro Vertical: \u2265 3,0 MPa<\/span><\/p>\n<p style=\"margin: 0cm 0cm 7.5pt 0cm;\"><span style=\"font-size: 10.5pt; font-family: 'Arial',sans-serif; color: #565656;\">Absor\u00e7\u00e3o de \u00c1gua:\u2265 8% \u2264 21%<\/span><\/p>\n<p style=\"margin: 0cm; margin-bottom: .0001pt;\"><span style=\"font-size: 10.5pt; font-family: 'Arial',sans-serif; color: #565656;\">Espessuras:<br \/>\nParedes externas: 7 mm<br \/>\nSeptos (paredes internas): 6 mm<\/span><\/p>\n\n\t\t<\/div> \n\t<\/div> \n\t<div class=\"wpb_text_column wpb_content_element \">\n\t\t<div class=\"wpb_wrapper\">\n\t\t\t<p><a class=\"medium shortcode button\"  href=\"https:\/\/www.acertar.org.br\/acertar\/associados_acertar\/\"  target=\"_self\" >Encontre um fornecedor<\/a><\/p>\n\n\t\t<\/div> \n\t<\/div> \n\t\t<\/div> \n\t<\/div> \n\n\t<div class=\"vc_col-sm-6 wpb_column vc_column_container\">\n\t\t<div class=\"wpb_wrapper\">\n\t\t\t\n\t<div class=\"wpb_single_image wpb_content_element wpb_animate_when_almost_visible wpb_left-to-right vc_align_center\">\n\t\t<div class=\"wpb_wrapper\">\n\t\t\t\n\t\t\t<img loading=\"lazy\" decoding=\"async\" width=\"774\" height=\"270\" src=\"https:\/\/www.acertar.org.br\/wp-content\/uploads\/2012\/08\/Vertival_vedacao.jpg\" class=\"vc_box_shadow vc_box_border_grey attachment-full\" alt=\"\" srcset=\"https:\/\/www.acertar.org.br\/wp-content\/uploads\/2012\/08\/Vertival_vedacao.jpg 774w, https:\/\/www.acertar.org.br\/wp-content\/uploads\/2012\/08\/Vertival_vedacao-300x105.jpg 300w, https:\/\/www.acertar.org.br\/wp-content\/uploads\/2012\/08\/Vertival_vedacao-143x50.jpg 143w\" sizes=\"(max-width: 774px) 100vw, 774px\" \/>\n\t\t<\/div> \n\t<\/div> \n\t<div class=\"wpb_text_column wpb_content_element \">\n\t\t<div class=\"wpb_wrapper\">\n\t\t\t<p style=\"margin: 0cm; margin-bottom: .0001pt;\"><span style=\"font-size: 10.5pt; font-family: 'Arial',sans-serif; color: #565656;\">O bloco cer\u00e2mico deve trazer a identifica\u00e7\u00e3o do fabricante em baixo relevo com no m\u00ednimo 5mm de altura \u2013 nessa inscri\u00e7\u00e3o deve conter a identifica\u00e7\u00e3o da empresa, dimens\u00f5es de fabrica\u00e7\u00e3o em cm, obrigatoriamente na seguinte seq\u00fc\u00eancia: largura (L), altura (H) e comprimento (C), conforme Norma ABNT \u2013 NBR 15270-1:2017.<\/span><\/p>\n\n\t\t<\/div> \n\t<\/div> \n\t\t<\/div> \n\t<\/div> \n<\/div><\/div><\/div><div class=\"vc_row wpb_row vc_row-fluid full-width-section  vertically-align-columns  vc_custom_1426012159735\" id=\"revslider\"><div class=\"container\" style=\"position: relative; z-index: 3;\"><div class=\"row\">\n\t<div class=\"vc_col-sm-6 wpb_column vc_column_container\">\n\t\t<div class=\"wpb_wrapper\">\n\t\t\t\n\t<div class=\"wpb_text_column wpb_content_element \">\n\t\t<div class=\"wpb_wrapper\">\n\t\t\t<p><a id=\"estrutural\" name=\"estrutural\"><\/a><\/p>\n\n\t\t<\/div> \n\t<\/div> \n\t<div class=\"wpb_single_image wpb_content_element wpb_animate_when_almost_visible wpb_left-to-right vc_align_center\">\n\t\t<div class=\"wpb_wrapper\">\n\t\t\t\n\t\t\t<img loading=\"lazy\" decoding=\"async\" width=\"774\" height=\"270\" src=\"https:\/\/www.acertar.org.br\/wp-content\/uploads\/2012\/08\/Vertical_duo.jpg\" class=\"vc_box_shadow vc_box_border_grey attachment-full\" alt=\"\" srcset=\"https:\/\/www.acertar.org.br\/wp-content\/uploads\/2012\/08\/Vertical_duo.jpg 774w, https:\/\/www.acertar.org.br\/wp-content\/uploads\/2012\/08\/Vertical_duo-300x105.jpg 300w, https:\/\/www.acertar.org.br\/wp-content\/uploads\/2012\/08\/Vertical_duo-143x50.jpg 143w\" sizes=\"(max-width: 774px) 100vw, 774px\" \/>\n\t\t<\/div> \n\t<\/div> \n\t<div class=\"wpb_text_column wpb_content_element \">\n\t\t<div class=\"wpb_wrapper\">\n\t\t\t<p style=\"margin: 0cm; margin-bottom: .0001pt; background: white;\"><span style=\"font-size: 10.5pt; font-family: 'Arial',sans-serif; color: #565656; background: white;\">O bloco cer\u00e2mico deve trazer a identifica\u00e7\u00e3o do fabricante em baixo relevo com no m\u00ednimo 5mm de altura \u2013 nessa inscri\u00e7\u00e3o deve constar a identifica\u00e7\u00e3o da empresa, dimens\u00f5es de fabrica\u00e7\u00e3o em cm, obrigatoriamente na seguinte seq\u00fc\u00eancia: largura (L), altura (H) e comprimento (C), as letras \u201cEST\u201d e indica\u00e7\u00f5es de rastreabilidade, conforme Norma ABNT NBR 15270-1:2017.<\/span><\/p>\n\n\t\t<\/div> \n\t<\/div> \n\t\t<\/div> \n\t<\/div> \n\n\t<div class=\"vc_col-sm-6 wpb_column vc_column_container\">\n\t\t<div class=\"wpb_wrapper\">\n\t\t\t<div class=\"vc_empty_space\"  style=\"height: 15px\" ><span class=\"vc_empty_space_inner\"><\/span><\/div>\n\n\n\t<div class=\"wpb_text_column wpb_content_element \">\n\t\t<div class=\"wpb_wrapper\">\n\t\t\t<p><code style=\"display: none;\"><br \/>\n<\/code><\/p>\n<h1>Blocos Estruturais<\/h1>\n<p style=\"background: white; margin: 0cm 0cm 7.5pt 0cm;\"><span style=\"font-size: 10.5pt; font-family: 'Arial',sans-serif; color: #565656;\">Alvenaria Estrutural \u00e9 um sistema construtivo onde os blocos e a argamassa s\u00e3o respons\u00e1veis pela transmiss\u00e3o e absor\u00e7\u00e3o de todos os esfor\u00e7os solicitantes que atuam na edifica\u00e7\u00e3o.<\/span><\/p>\n<p style=\"background: white; margin: 0cm 0cm 7.5pt 0cm;\"><span style=\"font-size: 10.5pt; font-family: 'Arial',sans-serif; color: #565656;\">Resist\u00eancia \u00e0 Compress\u00e3o: \u2265 3,0 MPa<\/span><\/p>\n<p style=\"background: white; margin: 0cm 0cm 7.5pt 0cm;\"><span style=\"font-size: 10.5pt; font-family: 'Arial',sans-serif; color: #565656;\">Absor\u00e7\u00e3o de \u00c1gua: \u2265 8% \u2264 21%<\/span><\/p>\n<p style=\"margin: 0cm; margin-bottom: .0001pt; background: white;\"><span style=\"font-size: 10.5pt; font-family: 'Arial',sans-serif; color: #565656;\">Espessuras:<br \/>\nParedes externas: 8 mm<br \/>\nSeptos (paredes internas): 7 mm<\/span><\/p>\n\n\t\t<\/div> \n\t<\/div> \n\t<div class=\"wpb_text_column wpb_content_element \">\n\t\t<div class=\"wpb_wrapper\">\n\t\t\t<p><a class=\"medium shortcode button\"  href=\"https:\/\/www.acertar.org.br\/acertar\/associados_acertar\/\"  target=\"_self\" >Encontre um fornecedor<\/a><\/p>\n\n\t\t<\/div> \n\t<\/div> \n\t\t<\/div> \n\t<\/div> \n<\/div><\/div><\/div><div class=\"vc_row wpb_row vc_row-fluid   vc_custom_1426012173182\" id=\"customizer\"><div class=\"container\"><div class=\"row\">\n\t<div class=\"vc_col-sm-6 wpb_column vc_column_container\">\n\t\t<div class=\"wpb_wrapper\">\n\t\t\t\n\t<div class=\"wpb_text_column wpb_content_element \">\n\t\t<div class=\"wpb_wrapper\">\n\t\t\t<p><code style=\"display: none;\"><br \/>\n<\/code><br \/>\n<a id=\"lajes\" name=\"lajes\"><\/a><\/p>\n<h1>Lajes<\/h1>\n<p>O isolamento t\u00e9rmico da laje cer\u00e2mica faz dela uma\u00a0solu\u00e7\u00e3o construtiva consagrada. Oferece uma variedade de especifica\u00e7\u00f5es\u00a0para suprir as necessidades de cada projeto.<\/p>\n\n\t\t<\/div> \n\t<\/div> \n\t<div class=\"wpb_text_column wpb_content_element \">\n\t\t<div class=\"wpb_wrapper\">\n\t\t\t<p><a class=\"medium shortcode button\"  href=\"https:\/\/www.acertar.org.br\/acertar\/associados_acertar\/\"  target=\"_self\" >Encontre um fornecedor<\/a><\/p>\n\n\t\t<\/div> \n\t<\/div> \n\t\t<\/div> \n\t<\/div> \n\n\t<div class=\"vc_col-sm-6 wpb_column vc_column_container\">\n\t\t<div class=\"wpb_wrapper\">\n\t\t\t\n\t<div class=\"wpb_single_image wpb_content_element wpb_animate_when_almost_visible wpb_left-to-right vc_align_center\">\n\t\t<div class=\"wpb_wrapper\">\n\t\t\t\n\t\t\t<img loading=\"lazy\" decoding=\"async\" width=\"774\" height=\"270\" src=\"https:\/\/www.acertar.org.br\/wp-content\/uploads\/2012\/08\/lajes.jpg\" class=\" vc_box_border_grey attachment-full\" alt=\"\" srcset=\"https:\/\/www.acertar.org.br\/wp-content\/uploads\/2012\/08\/lajes.jpg 774w, https:\/\/www.acertar.org.br\/wp-content\/uploads\/2012\/08\/lajes-300x105.jpg 300w, https:\/\/www.acertar.org.br\/wp-content\/uploads\/2012\/08\/lajes-143x50.jpg 143w\" sizes=\"(max-width: 774px) 100vw, 774px\" \/>\n\t\t<\/div> \n\t<\/div> \n\t<div class=\"wpb_text_column wpb_content_element \">\n\t\t<div class=\"wpb_wrapper\">\n\t\t\t<p>Carga de ruptura: m\u00ednimo de 0,7 KN para blocos de laje com altura at\u00e9 7,9 cm; m\u00ednimo de 1,0 KN para blocos de laje com altura acima de 8,0cm, conforme Norma ABNT NBR 14859-1<\/p>\n\n\t\t<\/div> \n\t<\/div> \n\t\t<\/div> \n\t<\/div> \n<\/div><\/div><\/div><div class=\"vc_row wpb_row vc_row-fluid full-width-section  vertically-align-columns  vc_custom_1426249820893\" id=\"responsive\"><div class=\"container\" style=\"position: relative; z-index: 3;\"><div class=\"row\">\n\t<div class=\"vc_col-sm-6 wpb_column vc_column_container\">\n\t\t<div class=\"wpb_wrapper\">\n\t\t\t\n\t<div class=\"wpb_text_column wpb_content_element \">\n\t\t<div class=\"wpb_wrapper\">\n\t\t\t<p><a id=\"telhas\" name=\"telhas\"><\/a><\/p>\n\n\t\t<\/div> \n\t<\/div> \n\t<div class=\"wpb_single_image wpb_content_element wpb_animate_when_almost_visible wpb_left-to-right vc_align_center\">\n\t\t<div class=\"wpb_wrapper\">\n\t\t\t\n\t\t\t<img loading=\"lazy\" decoding=\"async\" width=\"550\" height=\"192\" src=\"https:\/\/www.acertar.org.br\/wp-content\/uploads\/2015\/01\/telhas.jpg\" class=\" vc_box_border_grey attachment-full\" alt=\"\" srcset=\"https:\/\/www.acertar.org.br\/wp-content\/uploads\/2015\/01\/telhas.jpg 550w, https:\/\/www.acertar.org.br\/wp-content\/uploads\/2015\/01\/telhas-300x105.jpg 300w, https:\/\/www.acertar.org.br\/wp-content\/uploads\/2015\/01\/telhas-143x50.jpg 143w\" sizes=\"(max-width: 550px) 100vw, 550px\" \/>\n\t\t<\/div> \n\t<\/div> \n\t<div class=\"wpb_text_column wpb_content_element \">\n\t\t<div class=\"wpb_wrapper\">\n\t\t\t<p>A telha cer\u00e2mica deve trazer a identifica\u00e7\u00e3o do fabricante em baixo relevo de no m\u00ednimo 5 mm de altura; identifica\u00e7\u00e3o do fabricante, do munic\u00edpio e do estado da federa\u00e7\u00e3o; o modelo da telha; rendimento m\u00e9dio (Rm) da telha expresso por m2 com uma casa decimal, sendo obrigat\u00f3ria a grava\u00e7\u00e3o T\/m2; dimens\u00f5es na seq\u00fc\u00eancia: largura de fabrica\u00e7\u00e3o (L) x comprimento de fabrica\u00e7\u00e3o (C) x posi\u00e7\u00e3o do pino ou furo de amarra\u00e7\u00e3o (Lp) (quando n\u00e3o houver pino), expressos em cent\u00edmetros; galga m\u00e9dia (Gm) expressa em cent\u00edmetro (cm), sendo obrigat\u00f3ria a grava\u00e7\u00e3o da grandeza, conforme Norma ABNT NBR 15310.<\/p>\n\n\t\t<\/div> \n\t<\/div> \n\t\t<\/div> \n\t<\/div> \n\n\t<div class=\"vc_col-sm-6 wpb_column vc_column_container\">\n\t\t<div class=\"wpb_wrapper\">\n\t\t\t\n\t<div class=\"wpb_text_column wpb_content_element \">\n\t\t<div class=\"wpb_wrapper\">\n\t\t\t<p><code style=\"display: none;\"><br \/>\n<\/code><\/p>\n<h1>Telhas<\/h1>\n<p>As telhas cer\u00e2micas s\u00e3o a melhor solu\u00e7\u00e3o para a cobertura por seu isolamento t\u00e9rmico\u00a0e\u00a0resist\u00eancia \u00e0 a\u00e7\u00e3o do tempo. Apresenta diversos modelos acompanhando as tend\u00eancias da arquitetura, emprestando beleza, sustentabilidade e desempenho ao projeto.<\/p>\n\n\t\t<\/div> \n\t<\/div> \n\t<div class=\"wpb_text_column wpb_content_element \">\n\t\t<div class=\"wpb_wrapper\">\n\t\t\t<p><a class=\"medium shortcode button\"  href=\"https:\/\/www.acertar.org.br\/acertar\/associados_acertar\/\"  target=\"_self\" >Encontre um fornecedor<\/a><\/p>\n\n\t\t<\/div> \n\t<\/div> \n\t\t<\/div> \n\t<\/div> \n<\/div><\/div><\/div><div class=\"vc_row wpb_row vc_row-fluid   vc_custom_1426249850470\" style=\"color:#ffffff;\" ><div class=\"container\"><div class=\"row\">\n\t<div class=\"vc_col-sm-6 wpb_column vc_column_container vc_custom_1426012798752\">\n\t\t<div class=\"wpb_wrapper\">\n\t\t\t\n\t<div class=\"wpb_text_column wpb_content_element \">\n\t\t<div class=\"wpb_wrapper\">\n\t\t\t<h2>Cer\u00e2mica, Sustent\u00e1vel por Natureza<\/h2>\n\n\t\t<\/div> \n\t<\/div> \n\t\t<\/div> \n\t<\/div> \n\n\t<div class=\"vc_col-sm-6 wpb_column vc_column_container\" style=\"color:#7bb237;\">\n\t\t<div class=\"wpb_wrapper\">\n\t\t\t\n\t<div class=\"wpb_text_column wpb_content_element  vc_custom_1426251353763\">\n\t\t<div class=\"wpb_wrapper\">\n\t\t\t<p><a class=\"large white radius shortcode button\"  href=\"https:\/\/www.acertar.org.br\/acertar\/ceramica-sustentavel-por-natureza\/\"  target=\"_self\" >Saiba Mais<\/a><\/p>\n\n\t\t<\/div> \n\t<\/div> \n\t\t<\/div> \n\t<\/div> \n<\/div><\/div><\/div>\n","protected":false},"excerpt":{"rendered":"Veda\u00e7\u00e3o Horizontal\u00a0 \u00a0 \u00a0\u00a0Veda\u00e7\u00e3o Vertical\u00a0 \u00a0 \u00a0\u00a0Blocos Estruturais\u00a0 \u00a0 \u00a0 \u00a0Lajes\u00a0 \u00a0 \u00a0\u00a0Telhas Blocos de Veda\u00e7\u00e3o - Furo Horizontal Alvenaria Veda\u00e7\u00e3o Furo Horizontal, \u00e9 toda a alvenaria destinada apenas para...","protected":false},"author":1,"featured_media":0,"parent":0,"menu_order":0,"comment_status":"open","ping_status":"open","template":"template-minimal-page.php","meta":{"footnotes":""},"yoast_head":"<!-- This site is optimized with the Yoast SEO plugin v22.8 - https:\/\/yoast.com\/wordpress\/plugins\/seo\/ -->\n<title>Produtos - Bloco Ceramico-Tijolo-Telha-Laje-SP<\/title>\n<meta name=\"robots\" content=\"index, follow, max-snippet:-1, max-image-preview:large, max-video-preview:-1\" \/>\n<link rel=\"canonical\" href=\"https:\/\/www.acertar.org.br\/acertar\/features\/\" \/>\n<meta property=\"og:locale\" content=\"pt_BR\" \/>\n<meta property=\"og:type\" content=\"article\" \/>\n<meta property=\"og:title\" content=\"Produtos - Bloco Ceramico-Tijolo-Telha-Laje-SP\" \/>\n<meta property=\"og:url\" content=\"https:\/\/www.acertar.org.br\/acertar\/features\/\" \/>\n<meta property=\"og:site_name\" content=\"Bloco Ceramico-Tijolo-Telha-Laje-SP\" \/>\n<meta property=\"article:modified_time\" content=\"2019-04-02T17:37:48+00:00\" \/>\n<meta name=\"twitter:label1\" content=\"Est. tempo de leitura\" \/>\n\t<meta name=\"twitter:data1\" content=\"7 minutos\" \/>\n<script type=\"application\/ld+json\" class=\"yoast-schema-graph\">{\"@context\":\"https:\/\/schema.org\",\"@graph\":[{\"@type\":\"WebPage\",\"@id\":\"https:\/\/www.acertar.org.br\/acertar\/features\/\",\"url\":\"https:\/\/www.acertar.org.br\/acertar\/features\/\",\"name\":\"Produtos - Bloco Ceramico-Tijolo-Telha-Laje-SP\",\"isPartOf\":{\"@id\":\"https:\/\/www.acertar.org.br\/acertar\/#website\"},\"datePublished\":\"2012-08-05T17:32:46+00:00\",\"dateModified\":\"2019-04-02T17:37:48+00:00\",\"breadcrumb\":{\"@id\":\"https:\/\/www.acertar.org.br\/acertar\/features\/#breadcrumb\"},\"inLanguage\":\"pt-BR\",\"potentialAction\":[{\"@type\":\"ReadAction\",\"target\":[\"https:\/\/www.acertar.org.br\/acertar\/features\/\"]}]},{\"@type\":\"BreadcrumbList\",\"@id\":\"https:\/\/www.acertar.org.br\/acertar\/features\/#breadcrumb\",\"itemListElement\":[{\"@type\":\"ListItem\",\"position\":1,\"name\":\"In\u00edcio\",\"item\":\"https:\/\/www.acertar.org.br\/acertar\/\"},{\"@type\":\"ListItem\",\"position\":2,\"name\":\"Produtos\"}]},{\"@type\":\"WebSite\",\"@id\":\"https:\/\/www.acertar.org.br\/acertar\/#website\",\"url\":\"https:\/\/www.acertar.org.br\/acertar\/\",\"name\":\"Bloco Ceramico-Tijolo-Telha-Laje-SP\",\"description\":\"Associa\u00e7\u00e3o das Cer\u00e2micas de Tatu\u00ed e Regi\u00e3o\",\"potentialAction\":[{\"@type\":\"SearchAction\",\"target\":{\"@type\":\"EntryPoint\",\"urlTemplate\":\"https:\/\/www.acertar.org.br\/acertar\/?s={search_term_string}\"},\"query-input\":\"required name=search_term_string\"}],\"inLanguage\":\"pt-BR\"}]}<\/script>\n<!-- \/ Yoast SEO plugin. -->","yoast_head_json":{"title":"Produtos - Bloco Ceramico-Tijolo-Telha-Laje-SP","robots":{"index":"index","follow":"follow","max-snippet":"max-snippet:-1","max-image-preview":"max-image-preview:large","max-video-preview":"max-video-preview:-1"},"canonical":"https:\/\/www.acertar.org.br\/acertar\/features\/","og_locale":"pt_BR","og_type":"article","og_title":"Produtos - Bloco Ceramico-Tijolo-Telha-Laje-SP","og_url":"https:\/\/www.acertar.org.br\/acertar\/features\/","og_site_name":"Bloco Ceramico-Tijolo-Telha-Laje-SP","article_modified_time":"2019-04-02T17:37:48+00:00","twitter_misc":{"Est. tempo de leitura":"7 minutos"},"schema":{"@context":"https:\/\/schema.org","@graph":[{"@type":"WebPage","@id":"https:\/\/www.acertar.org.br\/acertar\/features\/","url":"https:\/\/www.acertar.org.br\/acertar\/features\/","name":"Produtos - Bloco Ceramico-Tijolo-Telha-Laje-SP","isPartOf":{"@id":"https:\/\/www.acertar.org.br\/acertar\/#website"},"datePublished":"2012-08-05T17:32:46+00:00","dateModified":"2019-04-02T17:37:48+00:00","breadcrumb":{"@id":"https:\/\/www.acertar.org.br\/acertar\/features\/#breadcrumb"},"inLanguage":"pt-BR","potentialAction":[{"@type":"ReadAction","target":["https:\/\/www.acertar.org.br\/acertar\/features\/"]}]},{"@type":"BreadcrumbList","@id":"https:\/\/www.acertar.org.br\/acertar\/features\/#breadcrumb","itemListElement":[{"@type":"ListItem","position":1,"name":"In\u00edcio","item":"https:\/\/www.acertar.org.br\/acertar\/"},{"@type":"ListItem","position":2,"name":"Produtos"}]},{"@type":"WebSite","@id":"https:\/\/www.acertar.org.br\/acertar\/#website","url":"https:\/\/www.acertar.org.br\/acertar\/","name":"Bloco Ceramico-Tijolo-Telha-Laje-SP","description":"Associa\u00e7\u00e3o das Cer\u00e2micas de Tatu\u00ed e Regi\u00e3o","potentialAction":[{"@type":"SearchAction","target":{"@type":"EntryPoint","urlTemplate":"https:\/\/www.acertar.org.br\/acertar\/?s={search_term_string}"},"query-input":"required name=search_term_string"}],"inLanguage":"pt-BR"}]}},"_links":{"self":[{"href":"https:\/\/www.acertar.org.br\/acertar\/wp-json\/wp\/v2\/pages\/4513"}],"collection":[{"href":"https:\/\/www.acertar.org.br\/acertar\/wp-json\/wp\/v2\/pages"}],"about":[{"href":"https:\/\/www.acertar.org.br\/acertar\/wp-json\/wp\/v2\/types\/page"}],"author":[{"embeddable":true,"href":"https:\/\/www.acertar.org.br\/acertar\/wp-json\/wp\/v2\/users\/1"}],"replies":[{"embeddable":true,"href":"https:\/\/www.acertar.org.br\/acertar\/wp-json\/wp\/v2\/comments?post=4513"}],"version-history":[{"count":66,"href":"https:\/\/www.acertar.org.br\/acertar\/wp-json\/wp\/v2\/pages\/4513\/revisions"}],"predecessor-version":[{"id":5412,"href":"https:\/\/www.acertar.org.br\/acertar\/wp-json\/wp\/v2\/pages\/4513\/revisions\/5412"}],"wp:attachment":[{"href":"https:\/\/www.acertar.org.br\/acertar\/wp-json\/wp\/v2\/media?parent=4513"}],"curies":[{"name":"wp","href":"https:\/\/api.w.org\/{rel}","templated":true}]}}